 42737076?
0
What is the hundred thousands digit of 156988024?
9
What is the ten thousands digit of 1631606415?
0
What is the thousands digit of 39815353?
5
What is the hundred millions digit of 152360840?
1
What is the millions digit of 468326471?
8
What is the ten thousands digit of 4200876736?
7
What is the tens digit of 503339881?
8
What is the thousands digit of 556678713?
8
What is the thousands digit of 177496974?
6
What is the hundreds digit of 36770949?
9
What is the units digit of 2971898068?
8
What is the billions digit of 3769160464?
3
What is the thousands digit of 32840119?
0
What is the ten millions digit of 24122706?
2
What is the hundred thousands digit of 613087536?
0
What is the hundreds digit of 29458758?
7
What is the ten thousands digit of 36424816?
2
What is the hundreds digit of 925905161?
1
What is the thousands digit of 31147509?
7
What is the hundred thousands digit of 974206089?
2
What is the ten millions digit of 52683447?
5
What is the hundred millions digit of 751942690?
7
What is the hundred thousands digit of 6290154466?
1
What is the hundred thousands digit of 204858092?
8
What is the millions digit of 1613977314?
3
What is the hundred thousands digit of 4097636832?
6
What is the units digit of 3369299986?
6
What is the ten thousands digit of 278235981?
3
What is the ten thousands digit of 97833221?
3
What is the hundred millions digit of 1164713944?
1
What is the thousands digit of 1960251384?
1
What is the hundred thousands digit of 27421381?
4
What is the units digit of 15424979?
9
What is the hundred thousands digit of 846133?
8
What is the ten thousands digit of 308936272?
3
What is the units digit of 235593651?
1
What is the hundreds digit of 105862550?
5
What is the thousands digit of 129405168?
5
What is the ten thousands digit of 1257914098?
1
What is the units digit of 810418223?
3
What is the units digit of 159759778?
8
What is the thousands digit of 59489415?
9
What is the thousands digit of 46762526?
2
What is the thousands digit of 32540467?
0
What is the tens digit of 7640038?
3
What is the tens digit of 35286422?
2
What is the tens digit of 1908264978?
7
What is the tens digit of 347054385?
8
What is the ten thousands digit of 10621986?
2
What is the ten millions digit of 34649364?
3
What is the hundred thousands digit of 28232828?
2
What is the hundred millions digit of 8068750731?
0
What is the ten millions digit of 1605852967?
0
What is the ten thousands digit of 4645646753?
4
What is the ten millions digit of 47521435?
4
What is the ten thousands digit of 50198269?
9
What is the hundreds digit of 869416278?
2
What is the units digit of 2844574183?
3
What is the millions digit of 106314792?
6
What is the hundred thousands digit of 2173113776?
1
What is the ten millions digit of 303164377?
0
What is the ten thousands digit of 61219015?
1
What is the hundred millions digit of 154620578?
1
What is the tens digit of 879987466?
6
What is the thousands digit of 168659347?
9
What is the millions digit of 8348884739?
8
What is the thousands digit of 5482828?
2
What is the units digit of 25617391?
1
What is the ten thousands digit of 33202144?
0
What is the hundred thousands digit of 110138585?
1
What is the hundreds digit of 165188739?
7
What is the units digit of 909453540?
0
What is the units digit of 6170198?
8
What is the millions digit of 12677655?
2
What is the hundred millions digit of 233252886?
2
What is the ten millions digit of 695025289?
9
What is the units digit of 1177159166?
6
What is the millions digit of 36730886?
6
What is the hundred millions digit of 1339291596?
3
What is the ten thousands digit of 2926658170?
5
What is the ten millions digit of 130013507?
3
What is the ten millions digit of 81949138?
8
What is the hundred thousands digit of 46545353?
5
What is the ten millions digit of 78210704?
7
What is the units digit of 922176477?
7
What is the ten millions digit of 16446449?
1
What is the ten millions digit of 12226477?
1
What is the units digit of 292853926?
6
What is the hundred millions digit of 1728473214?
7
What is the millions digit of 1793735108?
3
What is the ten millions digit of 2348427552?
4
What is the ten thousands digit of 6332180031?
8
What is the hundred thousands digit of 748008455?
0
What is the hundred thousands digit of 1841523787?
5
What is the hundred millions digit of 1777856040?
7
What is the millions digit of 51029129?
1
What is the ten thousands digit of 16110908?
1
What is the billions digit of 1793293997?
1
What is the hundred thousands digit of 50276153?
2
What is the thousands digit of 2461548394?
8
What is the hundred thousands digit of 13190497?
1
What is the thousands digit of 2007308729?
8
What is the ten millions digit of 792254593?
9
What is the units digit of 5564140112?
2
What is the hundred thousands digit of 71166128?
1
What is the units digit of 5616445?
5
What is the ten thousands digit of 912635?
1
What is the millions digit of 63670703?
3
What is the millions digit of 6347903959?
7
What is the units digit of 876553043?
3
What is the hundred thousands digit of 381344431?
3
What is the tens digit of 2793680504?
0
What is the thousands digit of 37936152?
6
What is the thousands digit of 1091151620?
1
What is the ten thousands digit of 35541692?
4
What is the hundreds digit of 34000543?
5
What is the thousands digit of 120004642?
4
What is the millions digit of 279442171?
9
What is the ten millions digit of 1223484483?
2
What is the thousands digit of 5744916660?
6
What is the hundred thousands digit of 357874696?
8
What is the billions digit of 6216561499?
6
What is the units digit of 56695358?
8
What is the hundred thousands digit of 233337917?
3
What is the hundred millions digit of 294755598?
2
What is the billions digit of 1511521082?
1
What is the hundred thousands digit of 117263708?
2
What is the thousands digit of 4826188575?
8
What is the ten millions digit of 56930402?
5
What is the hundred thousands digit of 3268476563?
4
What is the millions digit of 8116303046?
6
What is the hundreds digit of 448584200?
2
What is the tens digit of 48702329?
2
What is the tens digit of 12863379?
7
What is the thousands digit of 280636130?
6
What is the hundred thousands digit of 8384427?
3
What is the units digit of 1186950968?
8
What is the units digit of 51287685?
5
What is the millions digit of 246177773?
6
What is the hundred millions digit of 4648277090?
6
What is the ten millions digit of 5430795603?
3
What is the thousands digit of 38698393?
8
What is the millions digit of 193251409?
3
What is the ten millions digit of 2804911467?
0
What is the thousands digit of 724078268?
8
What is the units digit of 265645348?
8
What is the ten thousands digit of 4124431391?
3
What is the billions digit of 1126832500?
1
What is the hundred thousands digit of 694568440?
5
What is the ten thousands digit of 17497774?
9
What is the ten millions digit of 244558604?
4
What is the millions digit of 1753097128?
3
What is the hundred thousands digit of 69434437?
4
What is the hundreds digit of 395978126?
1
What is the tens digit of 1018440619?
1
What is the thousands digit of 2658326645?
6
What is the millions digit of 49270640?
9
What is the units digit of 179530251?
1
What is the hundreds digit of 162296875?
8
What is the tens digit of 54496800?
0
What is the hundred thousands digit of 22679083?
6
What is the billions digit of 3465535173?
3
What is the tens digit of 434404969?
6
What is the hundreds digit of 388312164?
1
What is the tens digit of 189902429?
2
What is the hundred thousands digit of 240085486?
0
What is the ten thousands digit of 84522833?
2
What is the millions digit of 491341318?
1
What is the ten millions digit of 26274662?
2
What is the billions digit of 2619826065?
2
What is the ten thousands digit of 447191161?
9
What is the hundred millions digit of 4637731019?
6
What is the thousands digit of 3153348396?
8
What is the millions digit of 1089909090?
9
What is the ten millions digit of 42303645?
4
What is the tens digit of 300254162?
6
What is the ten thousands digit of 57619413?
1
What is the ten millions digit of 121793948?
2
What is the ten millions digit of 221845047?
2
What is the thousands digit of 597009096?
9
What is t